 = -2. Let v(s) = s - 6. Let b(t) = -2*f(t) - v(t). What is b(o)?
5
Let q(t) = -t**2 - 2*t + 5. Let n be q(-4). Let h(d) = -d**3 + 2*d**2 - 4*d - 5. Let z(k) = k**3 + k**2 + k + 1. Let g(s) = h(s) + 2*z(s). What is g(n)?
12
Let b(w) = -w**3 - 5*w**2 + 2*w + 4. Let x(m) = -m**3 + 8*m**2 + 9*m - 5. Let t(v) = 2*v - 5. Let i be t(7). Let g be x(i). Give b(g).
-6
Let y(x) = -2 - 16*x + 13 + 0. Let f(c) = 3*c - 2. Let t be ((-11)/3)/((-2)/6). Let w(m) = t*f(m) + 2*y(m). What is w(-1)?
-1
Let r(g) be the first derivative of -g**4/4 + 5*g**3/3 + 3*g**2 - 3*g + 1. Suppose 5*t - 29 = l, 5*l - 2 + 3 = t. What is r(t)?
-3
Let f(g) = -6*g - 2 + 14*g + 10 - g**3 - 5*g**2. What is f(-6)?
-4
Suppose 4 = 5*u - 4*j, 3*u - 2*u - 4 = 4*j. Let m(d) = d + 21. What is m(u)?
21
Suppose 11 = o + 4*w + 34, -5*o - 5*w - 40 = 0. Let n(i) = -i**2 - 3*i - 2. Give n(o).
-2
Let u(o) be the third derivative of o**6/120 + o**5/12 - o**3/3 - o**2. What is u(-5)?
-2
Let q(b) = 4*b - 3. Let z(i) = i - 1. Let u(r) = -2*q(r) + 6*z(r). Let k = 9 - 5. Suppose -k*a = -0 + 4. Give u(a).
2
Let c(n) = n**2 - 10*n - 2. Suppose 0*g + 4*j = -g + 15, -3*j + 35 = -4*g. Let k(u) = u**2 - 11*u - 3. Let q(m) = g*c(m) + 4*k(m). Give q(4).
6
Let t(y) = 2*y**2 + y + 2. Let b(c) = -c + 3. Let v be b(5). Give t(v).
8
Let l = -6 + 11. Let x(h) be the second derivative of -h**4/12 + h**3 - 6*h. Determine x(l).
5
Suppose 0 = t - 3*v + 2 + 6, -2*v + 6 = 0. Let f(a) = -2*a**3 + 2*a - 1. Determine f(t).
-1
Let s = 11 + -9. Let g(y) = 0 + 0*y + s - 1 + 12*y. Calculate g(1).
13
Let x = 22 + -27. Let k(p) = -2*p - 7. Determine k(x).
3
Let v be -4 - ((-34)/12 - 2). Let y(w) be the third derivative of 0 + 0*w - 1/24*w**4 + 2*w**2 + v*w**3. What is y(3)?
2
Let v = 49 + -35. Let q be (-2)/6 - v/(-6). Let a(h) = -h**q + 3 - 1 - 2*h - 4. Give a(-2).
-2
Let m(k) = k**2 - 5*k + 2. Let o = -4 + 2. Let s(w) = -2*w. Let y be s(o). Calculate m(y).
-2
Let o(z) = -3. Let k(h) = h - 2. Let t(g) = -4*k(g) + 3*o(g). What is t(1)?
-5
Let l(a) = -a**2 + 2*a + 7. Let n be 3*(1 - (-6)/(-9)). Suppose 6 - n = c. Give l(c).
-8
Let b(l) be the second derivative of -l**7/168 + l**6/180 + l**5/120 - l**3/3 - l. Let v(w) be the second derivative of b(w). Determine v(-1).
6
Let d(m) be the first derivative of 4 + 0*m + 1/3*m**3 - 3/2*m**2. Calculate d(5).
10
Let a(o) = o - 13. Suppose v = 4*v - 18. Determine a(v).
-7
Let a(w) = 6*w**3 + w**2 - w. Suppose 4*k - 4*f = 0, 3*k + 2*f - 1 = 4. Let u be (2 - 1)/(k - 0). Give a(u).
6
Let u(x) = x + 5. Let b(l) = -2*l - 10. Let i(y) = -4*b(y) - 9*u(y). Determine i(-3).
-2
Let h(l) = -6 - l**3 - 9*l**2 + 28*l**2 - 6*l**2 - 8*l**2. What is h(5)?
-6
Let c(f) be the third derivative of f**5/60 + f**4/8 + f**3/3 - 10*f**2. Give c(-3).
2
Let f(z) be the third derivative of -8*z**2 - 1/3*z**3 + 0 + 1/12*z**4 + 0*z. Calculate f(-2).
-6
Let b(x) be the third derivative of x**7/2520 - x**6/240 + x**5/60 + 2*x**2. Let w(l) be the third derivative of b(l). Suppose -5*a - 8 = -33. Give w(a).
7
Let a(n) = -n**2 - 5*n + 6. Let x(z) = -6*z**2 - 25*z + 30. Let p(l) = 11*a(l) - 2*x(l). Let r = 6 + -20. Let b = r + 19. What is p(b)?
6
Let x(b) = 4*b + 1. Let n be x(-1). Let q be -2 - (-1)/(2 + n). Let r(c) = -c**2 - 6*c + 3. Calculate r(q).
12
Let k(j) = j - 1. Let g(y) = -9*y - 8. Let w(c) = -g(c) + 6*k(c). Let n(d) = -7*d - 1. Let z(x) = 5*n(x) + 2*w(x). Calculate z(-2).
9
Let h(r) = r**3 + 6*r**2 + r. Let y = 54 - 60. Give h(y).
-6
Let u(y) = 6*y - 3. Suppose -2*q = -4*h, 2*h + 0*q - 12 = -2*q. Determine u(h).
9
Let k = -12 + 6. Let n(t) be the first derivative of -t**3/3 - 3*t**2 + t - 1. Determine n(k).
1
Let b(t) = 10*t - 25. Let f(y) = -3*y + 8. Let x(g) = 2*b(g) + 7*f(g). What is x(-5)?
11
Let z(s) = -s**3 - 3*s**2 - 3*s - 7. Let q(p) = -p**3 - 2*p**2 - 2*p - 6. Let f(w) = 3*q(w) - 2*z(w). Suppose -4*d + 0 + 12 = 0, 5*g + 15 = 5*d. Determine f(g).
-4
Let u(f) = -f**3 + 5*f**2 + 7*f - 7. Let b be u(6). Let h = -2 - b. Let j(i) be the second derivative of i**5/20 + i**4/12 + i**3/3 + i**2/2 + i. Give j(h).
-1
Suppose -2*h - 5*l = 16 + 5, 0 = -2*h - 3*l - 11. Let a(o) = -o**h - 3*o + 3*o - 4*o + o. Give a(-3).
0
Let n(v) = 4*v. Suppose -s = 2*s - 3. Let q = s - 3. Calculate n(q).
-8
Let d be (8/(-10))/(9/45). Let x(b) = -b**3 - 5*b**2 - 6*b. Calculate x(d).
8
Let o(p) = -p**2 + 4*p + 2. Suppose 13*u - 8*u = 15. Give o(u).
5
Let m(c) = -2*c - 5. Let d(k) = 3*k + 10. Let j = 8 + -3. Let g(v) = j*m(v) + 3*d(v). Calculate g(5).
0
Let w(n) = -20*n + 0*n**3 + n**3 + 22*n - 4 + 5*n**2. Suppose 3*j + y = -9, 2*y = -4*j - 7 - 3. Give w(j).
4
Let s(q) = q + 6. Let i = 28 - 33. Give s(i).
1
Let d(n) = -n**3 - 7*n**2 - 5*n + 3. Let w(x) = -x**3 - 7*x**2 - 7*x + 4. Let s(u) = 4*d(u) - 3*w(u). Calculate s(-7).
-7
Let i = 329/180 - 16/9. Let g(f) be the second derivative of 0*f**2 + 7/12*f**4 + f**3 + 0 - 4*f + i*f**5. What is g(-6)?
0
Let r(l) = -l**3 - 1. Let n(j) = -5*j**3 + 5*j**2 - 5. Let b be (9/9)/((-1)/(-4)). Let m(c) = b*r(c) - n(c). What is m(5)?
1
Let s(x) = -x - 5 + x + x. Suppose 3*k + k + 28 = 2*q, 0 = 2*q + k - 3. Calculate s(q).
-1
Suppose 10 = -3*h + 5*h. Let o = -4 + h. Let g(s) = 5*s**2 + s. Give g(o).
6
Suppose -p - 4 = -3*p. Let a = -9 + 13. Let f(x) = -3 + 6 - x**3 + a*x**2 + p*x**3. What is f(-4)?
3
Let j(c) = -c**3 - 5*c**2 - c. Let g = -9 - -4. What is j(g)?
5
Let l be (3/(-2))/((-3)/(-4)). Suppose -m - 2 = -2*m. Let t(o) = -2 - 1 + 2 + 2 - m*o**2. Calculate t(l).
-7
Let g(f) be the second derivative of -5*f**3/6 + 2*f**2 - 5*f. Calculate g(3).
-11
Let k(b) = 3*b**2 - b**2 - 5 - 6*b - 3*b**2. Suppose 61 = 3*a - 44. Let v be 26/(-7) - 10/a. What is k(v)?
3
Suppose 8 = 4*y - 8. Let z(s) = -s**3 + 3*s**2 + 3*s + 3. Calculate z(y).
-1
Suppose 4*i - 20 = -0. Let w(o) be the third derivative of 0*o - 1/120*o**6 + 0 - o**2 - 2/3*o**3 + 1/10*o**5 - 1/6*o**4. Determine w(i).
1
Let q(d) = d. Let u(o) be the second derivative of -o**5/20 + o**4/6 + o**3/2 + 2*o**2 + 2*o. Let n be u(3). What is q(n)?
4
Let r(u) = 1 - 17 + 14 - u. Determine r(-3).
1
Let t(j) = -2*j - 1. Let c be t(-2). Let z(q) be the second derivative of q**5/20 - q**4/6 - 2*q**3/3 + q**2 - 3*q. Calculate z(c).
-1
Let t(o) = -3*o + 7. Let m be t(4). Let a(p) = -3*p - 3. What is a(m)?
12
Let b be -3*5*1/3. Let s(m) = -2*m - 10. Let t(l) = -6*l - 15. Let c(k) = 7*k + 16. Let w(q) = -4*c(q) - 5*t(q). Let u(y) = -6*s(y) - 5*w(y). What is u(b)?
-5
Suppose 0 = 3*w - k - 4*k + 19, 0 = w - k + 5. Let j(f) = 3 + f**2 - 3 + 5*f + 4. What is j(w)?
-2
Let j(y) = -y**2 - 8*y - 4. Suppose 0 = 9*l - 13*l - 28. Calculate j(l).
3
Let s(h) = h**3 - h**2 - 3*h + 1. Let b = 3 - 2. Let c be (b + 7/(-3))*3. Let g = c - -6. What is s(g)?
-1
Let z = -8 + 5. Let l(x) = 2*x + 1. Let n be l(z). Let d(w) be the second derivative of -w**5/20 - w**4/2 - w**3/2 + 3*w**2/2 + 3*w. What is d(n)?
-7
Let k = -16 + 19. Let o be 1*(1 + k) + -3. Let v(m) = -6*m**2 + 2*m - 1. Determine v(o).
-5
Let o be (-6)/(-21) - 68/(-7). Let n = o + -6. Suppose 5*i + 47 = -n*z + 10, 5*i - 2*z + 19 = 0. Let l(b) = -b**3 - 4*b**2 + 5*b + 6. Determine l(i).
6
Suppose -7*f = -4*f - 6. Let s(b) = -3*b**2 - 18*b - 22. Let q(w) = -w**2 - 6*w - 7. Let n(v) = f*s(v) - 7*q(v). What is n(-6)?
5
Let o(a) = 45*a + 2 - 19*a - 27*a. Let q(r) = r**3 - 6*r**2 + 4*r + 5. Let j be q(5). Calculate o(j).
2
Suppose -g - 4*o = 9, 5*g + 0*o + 29 = -4*o. Let m(s) = 5 - 13*s + 2 + 8*s - s**2. Give m(g).
7
Let q(a) be the second derivative of a**8/6720 + a**7/420 + a**6/720 - a**5/120 + a**4/3 + 5*a. Let c(u) be the third derivative of q(u). Give c(-6).
-7
Let g(s) = -s**2 - 3*s + 3. Suppose x = 2*l + 5*x + 32, 0 = -l - 5*x - 28. Suppose -11 = 2*f - 3. Let u = l - f. Determine g(u).
-1
Let p(m) = -3*m + 5. Suppose 8*z = -10 + 42. Calculate p(z).
-7
Suppose -7 = -2*m + 5*w, -3*m + 0*w = 2*w - 20. Let p(r) = -r - 1. Give p(m).
-7
Let g be (-8)/(-36) + (-32)/(-18). Let f = 5 - g. Let t(u) = -u - 1. Calculate t(f).
-4
Let k(q) = 2*q + 1. Let w be k(4). Let f = -16 + w. Let j(c) = -c**3 - 8*c**2 - 9*c - 10. Determine j(f).
4
Suppose -4*m = -10 + 34. Let j(f) be the third derivative of f**6/120 + f**5/10 - f**4/24 - f**3/3 + 3*f**2. Determine j(m).
4
Let b(j) = -j**3 + 5*j**2 - 3*j - 4. Let d be b(3). Suppose 27 = d*n - 3*x